t b771a (base 13) to base 14.
88776
Convert 1775616 (base 8) to base 6.
15113554
-5733555 (base 9) to base 2
-1011110011000110001001
Convert 66a (base 11) to base 13.
499
What is 7909 (base 11) in base 7?
42236
1000101000101111110 (base 2) to base 10
283006
What is -11100001000001001111 (base 2) in base 9?
-1654267
Convert -306944 (base 10) to base 2.
-1001010111100000000
346a17 (base 13) to base 9
2304077
412220441 (base 5) to base 3
10011022211120
c347 (base 13) to base 2
110100100110010
What is -2857243 (base 9) in base 8?
-6001007
What is -125363106 (base 7) in base 5?
-4031103133
-2f351 (base 16) to base 12
-93a95
What is -21301123 (base 4) in base 13?
-152b0
11422232 (base 6) to base 10
360812
What is 189306 (base 10) in base 11?
11a257
3c51c (base 13) to base 4
123210111
Convert 4111430412 (base 5) to base 9.
16567031
-344060 (base 11) to base 6
-15420523
1111111001011110001000 (base 2) to base 3
21211201211002
Convert 474440 (base 11) to base 16.
b7b9f
Convert -21251100 (base 7) to base 11.
-1027493
Convert 28cd3 (base 16) to base 12.
8086b
Convert 3785351 (base 9) to base 3.
10212212101201
Convert -1c4a8 (base 14) to base 4.
-101221110
Convert c12ab (base 15) to base 10.
611486
Convert 37873 (base 12) to base 16.
12717
1115640 (base 11) to base 12
7a321a
What is ba526c (base 13) in base 5?
2110144441
Convert 6ab07 (base 13) to base 9.
326681
Convert -110562000 (base 7) to base 3.
-110120202111010
What is 3050023 (base 7) in base 9?
615571
What is 5a68295 (base 11) in base 12?
3657303
Convert 170623 (base 9) to base 14.
2a627
Convert -b460 (base 15) to base 7.
-216060
Convert 8a583 (base 14) to base 5.
41221423
What is 115498 (base 11) in base 5?
21323223
Convert 3412130222 (base 5) to base 9.
15155780
Convert -268dc (base 14) to base 6.
-2012030
Convert 31201213021 (base 4) to base 11.
2001903
What is -48813 (base 10) in base 7?
-262212
Convert -3505123 (base 8) to base 16.
-e8a53
-360200 (base 10) to base 3
-200022002202
What is 11100111101011111100101 (base 2) in base 6?
430415421
-132334214 (base 5) to base 16
-a319b
5771300 (base 9) to base 14
5b214b
What is 3206a67 (base 12) in base 4?
210013121233
What is -9872189 (base 10) in base 3?
-200120120002122
Convert -18e73 (base 16) to base 8.
-307163
-b578 (base 14) to base 15
-93ea
What is -11111110011100 (base 2) in base 5?
-1010114
-161165564 (base 7) to base 8
-51324737
407279 (base 11) to base 3
1020012220122
Convert 10101100100001010111 (base 2) to base 9.
1286303
-110323003 (base 4) to base 8
-247303
5811203 (base 9) to base 14
5b9352
Convert 1daea1 (base 16) to base 5.
444221444
Convert -188076 (base 10) to base 7.
-1412220
What is -5521 (base 12) in base 13?
-436c
8a0a8b (base 13) to base 2
1100011011010110011111
Convert -3223302110 (base 4) to base 5.
-221401110
Convert 1233322032 (base 4) to base 9.
767703
What is -79a2f (base 16) in base 15?
-9c94d
21594 (base 12) to base 6
535504
5473 (base 15) to base 12
a423
-34ab0c (base 13) to base 3
-2100121101001
What is -8ecd (base 16) in base 4?
-20323031
56146 (base 10) to base 14
16666
-478778 (base 9) to base 15
-5a798
-10000100011011000 (base 2) to base 10
-67800
What is 60c83 (base 14) in base 12?
b2997
Convert -11010010000000101010011 (base 2) to base 15.
-90dee9
-1ac13 (base 14) to base 16
-10a81
Convert -10000110000100101111 (base 2) to base 3.
-1000220022112
Convert -320275 (base 8) to base 11.
-73177
Convert a7dccb (base 16) to base 7.
162335663
What is -112221000002 (base 3) in base 16?
-47b9d
-125232505 (base 6) to base 12
-a02735
Convert 1304130 (base 5) to base 9.
38027
4b9347 (base 16) to base 10
4952903
-c6da (base 15) to base 11
-29662
Convert 23021e (base 15) to base 4.
12113333000
Convert 20001221 (base 6) to base 7.
4522105
What is 23413760 (base 8) in base 4?
103201133300
Convert 2404038 (base 9) to base 8.
4757015
What is -3425263 (base 8) in base 10?
-928435
What is 9091a6 (base 15) in base 11?
3969969
Convert 65200 (base 7) to base 6.
203031
What is 100001100010000 (base 2) in base 16?
4310
What is -147d1 (base 14) in base 6?
-1031511
2531361 (base 7) to base 16
4fd9d
41303215 (base 6) to base 16
122a3b
What is 101010101001010111 (base 2) in base 14?
47931
What is 1472962 (base 10) in base 2?
101100111100111000010
-14349a (base 12) to base 5
-41301104
Convert -100000101012 (base 3) to base 16.
-2b50e
What is -5c9da (base 14) in base 8?
-673224
Convert da75 (base 15) to base 14.
12bc7
Convert -436346 (base 7) to base 11.
-52670
Convert 1773ab (base 12) to base 9.
678725
415102 (base 6) to base 14
c302
13232233 (base 5) to base 8
404503
What is -c4ce8 (base 16) in base 11?
-500717
What is 33200031213 (base 4) in base 11?
232646a
What is 200102212003 (base 4) in base 2?
100000010010100110000011
-221021120222 (base 3) to base 15
-9c68e
Convert -84627d (base 15) to base 8.
-30015316
What is 75c19 (base 14) in base 5?
33110012
-700530 (base 8) to base 15
-480ea
Convert -30766000 (base 8) to base 16.
-63ec00
What is 3058a (base 14) in base 10?
116350
What is -1054224205 (base 6) in base 10?
-11683085
1730 (base 15) to base 7
20364
What is -311100011 (base 4) in base 2?
-110101010000000101
-351215 (base 13) to base 3
-2100222100102
What is 1011010100000101 (base 2) in base 13?
18129
Convert -117a098 (base 11) to base 4.
-13310020010
170c85 (base 13) to base 6
20142233
-351223 (base 7) to base 16
-f5a4
Convert 427081 (base 9) to base 8.
761036
Convert -203120 (base 4) to base 15.
-a0e
Convert 9603991 (base 10) to base 3.
200001221012101
What is -2870b (base 13) in base 2?
-10010100001110100
What is 100011100111010 (base 2) in base 15?
5609
-4144000 (base 5) to base 10
-68625
What is -110513 (base 11) in base 14?
-48379
What is 443556 (base 8) in base 4?
210131232
881387 (base 9) to base 4
2000121223
11320131 (base 7) to base 13
28b74a
-123983 (base 14) to base 16
-9887f
Convert -42242314 (base 5) to base 7.
-2666446
Convert 2578177 (base 9) to base 12.
57bbb1
What is -299052 (base 10) in base 8?
-1110054
Convert -76a816 (base 11) to base 3.
-2022110112222
-237693 (base 11) to base 14
-9b134
59098 (base 15) to base 14
75523
What is -110022120222 (base 3) in base 8?
-731433
Convert 202231221 (base 5) to base 4.
3020121023
Convert 30357367 (base 9) to base 6.
1240055054
102201102220 (base 3) to base 2
111000010100011101
Convert 9367a (base 12) to base 11.
121912
Convert 301120121 (base 4) to base 14.
539d7
Convert -10101111100101011 (base 2) to base 13.
-31bc4
-112000221112012 (base 3) to base 10
-7458782
-1781656 (base 13) to base 3
-112102001021221
Convert -1256613 (base 7) to base 12.
-7ba26
What is 8e89 (base 15) in base 13?
10a22
cacc (base 16) to base 11
36007
Convert -10923b (base 13) to base 9.
-655868
Convert 206b5 (base 15) to base 9.
165868
What is -210201222010100 (base 3) in base 15?
-10332dc
Convert a05298 (base 11) to base 14.
30168a
What is -422394 (base 10) in base 4?
-1213013322
-5601035 (base 7) to base 3
-1022000202102
What is -198436 (base 12) in base 4?
-1231311222
What is 321100134 (base 6) in base 3?
101122012202011
What is 2fa8d (base 16) in base 5?
22221323
Convert 11651614 (base 7) to base 16.
1017df
Convert 186065 (base 9) to base 15.
24565
Convert -78624 (base 11) to base 6.
-2235131
Convert -2224161 (base 7) to base 5.
-32301203
Convert 20021100210101 (base 3) to base 15.
45caca
-202111112201 (base 3) to base 4
-1202201032
Convert -26533514 (base 7) to base 16.
-2550bf
What is -11122020200 (base 3) in base 9?
-148220
cc5f (base 16) to base 12
2633b
What is -121112443 (base 5) in base 9?
-1053231
8b8271 (base 12) to base 9
4173024
2b734 (base 13) to base 7
462366
Convert 1132301011 (base 4) to base 2.
1011110110001000101
Convert -11110100001000001 (base 2) to base 8.
-364101
Convert -12444201 (base 6) to base 12.
-179661
What is 101020013220 (base 4) in base 7?
53106342
-5544135 (base 6) to base 10
-278267
What is 34b979 (base 13) in base 9?
2321034
Convert -2244011 (base 7) to base 9.
-465845
491148 (base 10) to base 3
220221201200
-b9094 (base 14) to base 6
-13331150
7a71 (base 11) to base 14
3c17
Convert -6c36fe (base 16) to base 3.
-111100022100102
Convert 14dd (base 15) to base 10.
4483
Convert 1c3e9a (base 15) to base 3.
2121010102001
What is -187026 (base 10) in base 14?
-4c230
